{"id":682,"date":"2018-08-23T16:39:53","date_gmt":"2018-08-23T14:39:53","guid":{"rendered":"https:\/\/www.becker-tanks.de\/production\/"},"modified":"2018-12-12T13:00:53","modified_gmt":"2018-12-12T12:00:53","slug":"production","status":"publish","type":"page","link":"https:\/\/www.becker-tanks.de\/fr\/entreprise\/production\/","title":{"rendered":"Production"},"content":{"rendered":"\t\t<div data-elementor-type=\"post\" data-elementor-id=\"682\" class=\"elementor elementor-682 elementor-73\" data-elementor-settings=\"[]\">\n\t\t\t<div class=\"elementor-inner\">\n\t\t\t\t<div class=\"elementor-section-wrap\">\n\t\t\t\t\t\t\t<section data-id=\"e88f48d\" class=\"elementor-element elementor-element-e88f48d elementor-section-full_width elementor-section-height-default elementor-section-height-default elementor-section elementor-top-section\" data-element_type=\"section\">\n\t\t\t\t\t\t<div class=\"elementor-container elementor-column-gap-no\">\n\t\t\t\t<div class=\"elementor-row\">\n\t\t\t\t<div data-id=\"644c082\" class=\"elementor-element elementor-element-644c082 elementor-column elementor-col-100 elementor-top-column\" data-element_type=\"column\">\n\t\t\t<div class=\"elementor-column-wrap  elementor-element-populated\">\n\t\t\t\t\t<div class=\"elementor-widget-wrap\">\n\t\t\t\t<div data-id=\"adc49cb\" class=\"elementor-element elementor-element-adc49cb elementor-widget elementor-widget-image\" data-element_type=\"image.default\">\n\t\t\t\t<div class=\"elementor-widget-container\">\n\t\t\t\t\t<div class=\"elementor-image\">\n\t\t\t\t\t\t\t\t\t\t<img width=\"1140\" height=\"300\" src=\"https:\/\/www.becker-tanks.de\/wp-content\/uploads\/2018\/08\/Banner_Produktion_IMG_0320-1.jpg\" class=\"attachment-full size-full\" alt=\"\" decoding=\"async\" loading=\"lazy\" srcset=\"https:\/\/www.becker-tanks.de\/wp-content\/uploads\/2018\/08\/Banner_Produktion_IMG_0320-1.jpg 1140w, https:\/\/www.becker-tanks.de\/wp-content\/uploads\/2018\/08\/Banner_Produktion_IMG_0320-1-300x79.jpg 300w, https:\/\/www.becker-tanks.de\/wp-content\/uploads\/2018\/08\/Banner_Produktion_IMG_0320-1-768x202.jpg 768w, https:\/\/www.becker-tanks.de\/wp-content\/uploads\/2018\/08\/Banner_Produktion_IMG_0320-1-1024x269.jpg 1024w\" sizes=\"(max-width: 1140px) 100vw, 1140px\" \/>\t\t\t\t\t\t\t\t\t\t\t<\/div>\n\t\t\t\t<\/div>\n\t\t\t\t<\/div>\n\t\t\t\t\t\t<\/div>\n\t\t\t<\/div>\n\t\t<\/div>\n\t\t\t\t\t\t<\/div>\n\t\t\t<\/div>\n\t\t<\/section>\n\t\t\t\t<section data-id=\"b36eedd\" class=\"elementor-element elementor-element-b36eedd elementor-section-boxed elementor-section-height-default elementor-section-height-default elementor-section elementor-top-section\" data-element_type=\"section\">\n\t\t\t\t\t\t<div class=\"elementor-container elementor-column-gap-default\">\n\t\t\t\t<div class=\"elementor-row\">\n\t\t\t\t<div data-id=\"39ab88f\" class=\"elementor-element elementor-element-39ab88f elementor-column elementor-col-100 elementor-top-column\" data-element_type=\"column\">\n\t\t\t<div class=\"elementor-column-wrap  elementor-element-populated\">\n\t\t\t\t\t<div class=\"elementor-widget-wrap\">\n\t\t\t\t<div data-id=\"7f8055e\" class=\"elementor-element elementor-element-7f8055e elementor-widget elementor-widget-wp-widget-bcn_widget\" data-element_type=\"wp-widget-bcn_widget.default\">\n\t\t\t\t<div class=\"elementor-widget-container\">\n\t\t\t<div class=\"breadcrumbs\" vocab=\"https:\/\/schema.org\/\" typeof=\"BreadcrumbList\"><span property=\"itemListElement\" typeof=\"ListItem\"><a property=\"item\" typeof=\"WebPage\" title=\"Aller \u00e0 Becker Tanks.\" href=\"https:\/\/www.becker-tanks.de\/fr\/\" class=\"home\" aria-current=\"page\"><span property=\"name\">Becker Tanks<\/span><\/a><meta property=\"position\" content=\"1\"><\/span><\/div>\t\t<\/div>\n\t\t\t\t<\/div>\n\t\t\t\t\t\t<\/div>\n\t\t\t<\/div>\n\t\t<\/div>\n\t\t\t\t\t\t<\/div>\n\t\t\t<\/div>\n\t\t<\/section>\n\t\t\t\t<section data-id=\"afd6046\" class=\"elementor-element elementor-element-afd6046 elementor-section-boxed elementor-section-height-default elementor-section-height-default elementor-section elementor-top-section\" data-element_type=\"section\">\n\t\t\t\t\t\t<div class=\"elementor-container elementor-column-gap-default\">\n\t\t\t\t<div class=\"elementor-row\">\n\t\t\t\t<div data-id=\"320bc1b7\" class=\"elementor-element elementor-element-320bc1b7 elementor-column elementor-col-100 elementor-top-column\" data-element_type=\"column\">\n\t\t\t<div class=\"elementor-column-wrap  elementor-element-populated\">\n\t\t\t\t\t<div class=\"elementor-widget-wrap\">\n\t\t\t\t<div data-id=\"24852b11\" class=\"elementor-element elementor-element-24852b11 elementor-widget elementor-widget-text-editor\" data-element_type=\"text-editor.default\">\n\t\t\t\t<div class=\"elementor-widget-container\">\n\t\t\t\t\t<div class=\"elementor-text-editor elementor-clearfix\"><h2>Production<\/h2>\n<hr \/>\n<\/div>\n\t\t\t\t<\/div>\n\t\t\t\t<\/div>\n\t\t\t\t\t\t<\/div>\n\t\t\t<\/div>\n\t\t<\/div>\n\t\t\t\t\t\t<\/div>\n\t\t\t<\/div>\n\t\t<\/section>\n\t\t\t\t<section data-id=\"f7330f8\" class=\"elementor-element elementor-element-f7330f8 elementor-section-boxed elementor-section-height-default elementor-section-height-default elementor-section elementor-top-section\" data-element_type=\"section\">\n\t\t\t\t\t\t<div class=\"elementor-container elementor-column-gap-default\">\n\t\t\t\t<div class=\"elementor-row\">\n\t\t\t\t<div data-id=\"57beaa6\" class=\"elementor-element elementor-element-57beaa6 elementor-column elementor-col-50 elementor-top-column\" data-element_type=\"column\">\n\t\t\t<div class=\"elementor-column-wrap  elementor-element-populated\">\n\t\t\t\t\t<div class=\"elementor-widget-wrap\">\n\t\t\t\t<div data-id=\"4cf79be\" class=\"elementor-element elementor-element-4cf79be elementor-widget elementor-widget-text-editor\" data-element_type=\"text-editor.default\">\n\t\t\t\t<div class=\"elementor-widget-container\">\n\t\t\t\t\t<div class=\"elementor-text-editor elementor-clearfix\"><p>Au si\u00e8ge de l\u2019entreprise \u00e0 Gau Odernheim, environ 45 personnes sont charg\u00e9es de la planification, la construction et l\u2019installation de cuves en inox pour diff\u00e9rentes applications dans le domaine vinicole et industriel. De plus, nous fabriquons des pi\u00e8ces sur mesure ainsi que des caniveaux d\u2019\u00e9coulement de sol en inox. Nous effectuons \u00e9galement de la sous-traitance comme de la d\u00e9coupe de plaques inox, de la soudure, du pliage<br \/>\nLa production a lieu dans 3 halls de 1800 m\u00b2 au total.<\/p>\n<p>Le parc de machines est constitu\u00e9 de machines les plus modernes comme une installation de d\u00e9coupe laser, une presse \u00e0 plier, plusieurs machines \u00e0 cintrer et \u00e0 border ainsi que des appareils de soudage automatiques. Plusieurs machines ont \u00e9t\u00e9 con\u00e7ues en interne pour pouvoir r\u00e9pondre aux besoins sp\u00e9cifiques de production.<\/p>\n<\/div>\n\t\t\t\t<\/div>\n\t\t\t\t<\/div>\n\t\t\t\t\t\t<\/div>\n\t\t\t<\/div>\n\t\t<\/div>\n\t\t\t\t<div data-id=\"8eb3a5c\" class=\"elementor-element elementor-element-8eb3a5c elementor-column elementor-col-25 elementor-top-column\" data-element_type=\"column\">\n\t\t\t<div class=\"elementor-column-wrap\">\n\t\t\t\t\t<div class=\"elementor-widget-wrap\">\n\t\t\t\t\t\t<\/div>\n\t\t\t<\/div>\n\t\t<\/div>\n\t\t\t\t<div data-id=\"285eb06\" class=\"elementor-element elementor-element-285eb06 elementor-column elementor-col-25 elementor-top-column\" data-element_type=\"column\">\n\t\t\t<div class=\"elementor-column-wrap  elementor-element-populated\">\n\t\t\t\t\t<div class=\"elementor-widget-wrap\">\n\t\t\t\t<div data-id=\"cd52b37\" class=\"elementor-element elementor-element-cd52b37 elementor-widget elementor-widget-image\" data-element_type=\"image.default\">\n\t\t\t\t<div class=\"elementor-widget-container\">\n\t\t\t\t\t<div class=\"elementor-image\">\n\t\t\t\t\t\t\t\t\t\t<img width=\"640\" height=\"420\" src=\"https:\/\/www.becker-tanks.de\/wp-content\/uploads\/2018\/08\/Unternehmen_Produktion_MG_0289.jpg\" class=\"attachment-large size-large\" alt=\"\" decoding=\"async\" loading=\"lazy\" srcset=\"https:\/\/www.becker-tanks.de\/wp-content\/uploads\/2018\/08\/Unternehmen_Produktion_MG_0289.jpg 640w, https:\/\/www.becker-tanks.de\/wp-content\/uploads\/2018\/08\/Unternehmen_Produktion_MG_0289-300x197.jpg 300w\" sizes=\"(max-width: 640px) 100vw, 640px\" \/>\t\t\t\t\t\t\t\t\t\t\t<\/div>\n\t\t\t\t<\/div>\n\t\t\t\t<\/div>\n\t\t\t\t\t\t<\/div>\n\t\t\t<\/div>\n\t\t<\/div>\n\t\t\t\t\t\t<\/div>\n\t\t\t<\/div>\n\t\t<\/section>\n\t\t\t\t<section data-id=\"f652c62\" class=\"elementor-element elementor-element-f652c62 elementor-section-boxed elementor-section-height-default elementor-section-height-default elementor-section elementor-top-section\" data-element_type=\"section\">\n\t\t\t\t\t\t<div class=\"elementor-container elementor-column-gap-default\">\n\t\t\t\t<div class=\"elementor-row\">\n\t\t\t\t<div data-id=\"6ef7840\" class=\"elementor-element elementor-element-6ef7840 elementor-column elementor-col-100 elementor-top-column\" data-element_type=\"column\">\n\t\t\t<div class=\"elementor-column-wrap  elementor-element-populated\">\n\t\t\t\t\t<div class=\"elementor-widget-wrap\">\n\t\t\t\t<div data-id=\"8802810\" class=\"elementor-element elementor-element-8802810 elementor-widget elementor-widget-xm-bluebox\" data-element_type=\"xm-bluebox.default\">\n\t\t\t\t<div class=\"elementor-widget-container\">\n\t\t\t      <div class=\"xm-bluebox-container\">\n            <div class=\"xm-bluebox-headline\">\n                  <h3>\n                        Nous disposons en particulier de                   <\/h3>\n            <\/div>\n            <div class=\"xm-bluebox-text p-col-2\">\n                  <ul>\n<li>Un syst\u00e8me de d\u00e9coupe laser de 4 x2 m avec une puissance de laser de 6 kW (\u00e9paisseur inox de 25 mm)<\/li>\n<li>Un syst\u00e8me de stockage \u00e0 rayonnages verticaux<\/li>\n<li>Une presse \u00e0 plier de 230 t ( t\u00f4les jusqu\u2019\u00e0 4000 mm)<\/li>\n<li>Trois cintreuse \u00e0 quatre rouleaux<\/li>\n<li>Une machine de soudage automatique pour souder des plaques de 3 m de long<\/li>\n<li>Une installation de pon\u00e7age et de bouchonnage de l\u2019inox<\/li>\n<li>Plusieurs machines \u00e0 border et de d\u00e9coupe<\/li>\n<li>Une cisaille automatique<\/li>\n<li>Plusieurs \u00e9l\u00e9vateurs et syst\u00e8mes de levage<\/li>\n<\/ul>\n            <\/div>\n      <\/div>\n      \t\t<\/div>\n\t\t\t\t<\/div>\n\t\t\t\t\t\t<\/div>\n\t\t\t<\/div>\n\t\t<\/div>\n\t\t\t\t\t\t<\/div>\n\t\t\t<\/div>\n\t\t<\/section>\n\t\t\t\t\t\t<\/div>\n\t\t\t<\/div>\n\t\t<\/div>\n\t\t","protected":false},"excerpt":{"rendered":"<p>Production Au si\u00e8ge de l\u2019entreprise \u00e0 Gau Odernheim, environ 45 personnes sont charg\u00e9es de la planification, la construction et l\u2019installation de cuves en inox pour diff\u00e9rentes applications dans le domaine vinicole et industriel. De plus, nous fabriquons des pi\u00e8ces sur mesure ainsi que des caniveaux d\u2019\u00e9coulement de sol en inox. Nous effectuons \u00e9galement de la [&#8230;]<\/p>\n<p><a class=\"btn btn-secondary understrap-read-more-link\" href=\"https:\/\/www.becker-tanks.de\/fr\/entreprise\/production\/\">Lire la suite&#8230;<\/a><\/p>\n","protected":false},"author":3,"featured_media":0,"parent":1071,"menu_order":2,"comment_status":"closed","ping_status":"closed","template":"page-templates\/empty.php","meta":{"_monsterinsights_skip_tracking":false,"_monsterinsights_sitenote_active":false,"_monsterinsights_sitenote_note":"","_monsterinsights_sitenote_category":0},"_links":{"self":[{"href":"https:\/\/www.becker-tanks.de\/fr\/wp-json\/wp\/v2\/pages\/682"}],"collection":[{"href":"https:\/\/www.becker-tanks.de\/fr\/wp-json\/wp\/v2\/pages"}],"about":[{"href":"https:\/\/www.becker-tanks.de\/fr\/wp-json\/wp\/v2\/types\/page"}],"author":[{"embeddable":true,"href":"https:\/\/www.becker-tanks.de\/fr\/wp-json\/wp\/v2\/users\/3"}],"replies":[{"embeddable":true,"href":"https:\/\/www.becker-tanks.de\/fr\/wp-json\/wp\/v2\/comments?post=682"}],"version-history":[{"count":3,"href":"https:\/\/www.becker-tanks.de\/fr\/wp-json\/wp\/v2\/pages\/682\/revisions"}],"predecessor-version":[{"id":1211,"href":"https:\/\/www.becker-tanks.de\/fr\/wp-json\/wp\/v2\/pages\/682\/revisions\/1211"}],"up":[{"embeddable":true,"href":"https:\/\/www.becker-tanks.de\/fr\/wp-json\/wp\/v2\/pages\/1071"}],"wp:attachment":[{"href":"https:\/\/www.becker-tanks.de\/fr\/wp-json\/wp\/v2\/media?parent=682"}],"curies":[{"name":"wp","href":"https:\/\/api.w.org\/{rel}","templated":true}]}}

<div data-elementor-type="post" data-elementor-id="682" class="elementor elementor-682 elementor-73" data-elementor-settings="[]">
			<div class="elementor-inner">
				<div class="elementor-section-wrap">
							<section data-id="e88f48d" class="elementor-element elementor-element-e88f48d elementor-section-full_width elementor-section-height-default elementor-section-height-default elementor-section elementor-top-section" data-element_type="section">
						<div class="elementor-container elementor-column-gap-no">
				<div class="elementor-row">
				<div data-id="644c082" class="elementor-element elementor-element-644c082 elementor-column elementor-col-100 elementor-top-column" data-element_type="column">
			<div class="elementor-column-wrap  elementor-element-populated">
					<div class="elementor-widget-wrap">
				<div data-id="adc49cb" class="elementor-element elementor-element-adc49cb elementor-widget elementor-widget-image" data-element_type="image.default">
				<div class="elementor-widget-container">
					<div class="elementor-image">
										<img width="1140" height="300" src="https://www.becker-tanks.de/wp-content/uploads/2018/08/Banner_Produktion_IMG_0320-1.jpg" class="attachment-full size-full" alt="" decoding="async" loading="lazy" srcset="https://www.becker-tanks.de/wp-content/uploads/2018/08/Banner_Produktion_IMG_0320-1.jpg 1140w, https://www.becker-tanks.de/wp-content/uploads/2018/08/Banner_Produktion_IMG_0320-1-300x79.jpg 300w, https://www.becker-tanks.de/wp-content/uploads/2018/08/Banner_Produktion_IMG_0320-1-768x202.jpg 768w, https://www.becker-tanks.de/wp-content/uploads/2018/08/Banner_Produktion_IMG_0320-1-1024x269.jpg 1024w" sizes="(max-width: 1140px) 100vw, 1140px" />											</div>
				</div>
				</div>
						</div>
			</div>
		</div>
						</div>
			</div>
		</section>
				<section data-id="b36eedd" class="elementor-element elementor-element-b36eedd elementor-section-boxed elementor-section-height-default elementor-section-height-default elementor-section elementor-top-section" data-element_type="section">
						<div class="elementor-container elementor-column-gap-default">
				<div class="elementor-row">
				<div data-id="39ab88f" class="elementor-element elementor-element-39ab88f elementor-column elementor-col-100 elementor-top-column" data-element_type="column">
			<div class="elementor-column-wrap  elementor-element-populated">
					<div class="elementor-widget-wrap">
				<div data-id="7f8055e" class="elementor-element elementor-element-7f8055e elementor-widget elementor-widget-wp-widget-bcn_widget" data-element_type="wp-widget-bcn_widget.default">
				<div class="elementor-widget-container">
			<div class="breadcrumbs" vocab="https://schema.org/" typeof="BreadcrumbList"><span property="itemListElement" typeof="ListItem"><a property="item" typeof="WebPage" title="Aller à Becker Tanks." href="https://www.becker-tanks.de/fr/" class="home" aria-current="page"><span property="name">Becker Tanks</span></a><meta property="position" content="1"></span></div>		</div>
				</div>
						</div>
			</div>
		</div>
						</div>
			</div>
		</section>
				<section data-id="afd6046" class="elementor-element elementor-element-afd6046 elementor-section-boxed elementor-section-height-default elementor-section-height-default elementor-section elementor-top-section" data-element_type="section">
						<div class="elementor-container elementor-column-gap-default">
				<div class="elementor-row">
				<div data-id="320bc1b7" class="elementor-element elementor-element-320bc1b7 elementor-column elementor-col-100 elementor-top-column" data-element_type="column">
			<div class="elementor-column-wrap  elementor-element-populated">
					<div class="elementor-widget-wrap">
				<div data-id="24852b11" class="elementor-element elementor-element-24852b11 elementor-widget elementor-widget-text-editor" data-element_type="text-editor.default">
				<div class="elementor-widget-container">
					<div class="elementor-text-editor elementor-clearfix"><h2>Production</h2>
<hr />
</div>
				</div>
				</div>
						</div>
			</div>
		</div>
						</div>
			</div>
		</section>
				<section data-id="f7330f8" class="elementor-element elementor-element-f7330f8 elementor-section-boxed elementor-section-height-default elementor-section-height-default elementor-section elementor-top-section" data-element_type="section">
						<div class="elementor-container elementor-column-gap-default">
				<div class="elementor-row">
				<div data-id="57beaa6" class="elementor-element elementor-element-57beaa6 elementor-column elementor-col-50 elementor-top-column" data-element_type="column">
			<div class="elementor-column-wrap  elementor-element-populated">
					<div class="elementor-widget-wrap">
				<div data-id="4cf79be" class="elementor-element elementor-element-4cf79be elementor-widget elementor-widget-text-editor" data-element_type="text-editor.default">
				<div class="elementor-widget-container">
					<div class="elementor-text-editor elementor-clearfix"><p>Au siège de l’entreprise à Gau Odernheim, environ 45 personnes sont chargées de la planification, la construction et l’installation de cuves en inox pour différentes applications dans le domaine vinicole et industriel. De plus, nous fabriquons des pièces sur mesure ainsi que des caniveaux d’écoulement de sol en inox. Nous effectuons également de la sous-traitance comme de la découpe de plaques inox, de la soudure, du pliage<br />
La production a lieu dans 3 halls de 1800 m² au total.</p>
<p>Le parc de machines est constitué de machines les plus modernes comme une installation de découpe laser, une presse à plier, plusieurs machines à cintrer et à border ainsi que des appareils de soudage automatiques. Plusieurs machines ont été conçues en interne pour pouvoir répondre aux besoins spécifiques de production.</p>
</div>
				</div>
				</div>
						</div>
			</div>
		</div>
				<div data-id="8eb3a5c" class="elementor-element elementor-element-8eb3a5c elementor-column elementor-col-25 elementor-top-column" data-element_type="column">
			<div class="elementor-column-wrap">
					<div class="elementor-widget-wrap">
						</div>
			</div>
		</div>
				<div data-id="285eb06" class="elementor-element elementor-element-285eb06 elementor-column elementor-col-25 elementor-top-column" data-element_type="column">
			<div class="elementor-column-wrap  elementor-element-populated">
					<div class="elementor-widget-wrap">
				<div data-id="cd52b37" class="elementor-element elementor-element-cd52b37 elementor-widget elementor-widget-image" data-element_type="image.default">
				<div class="elementor-widget-container">
					<div class="elementor-image">
										<img width="640" height="420" src="https://www.becker-tanks.de/wp-content/uploads/2018/08/Unternehmen_Produktion_MG_0289.jpg" class="attachment-large size-large" alt="" decoding="async" loading="lazy" srcset="https://www.becker-tanks.de/wp-content/uploads/2018/08/Unternehmen_Produktion_MG_0289.jpg 640w, https://www.becker-tanks.de/wp-content/uploads/2018/08/Unternehmen_Produktion_MG_0289-300x197.jpg 300w" sizes="(max-width: 640px) 100vw, 640px" />											</div>
				</div>
				</div>
						</div>
			</div>
		</div>
						</div>
			</div>
		</section>
				<section data-id="f652c62" class="elementor-element elementor-element-f652c62 elementor-section-boxed elementor-section-height-default elementor-section-height-default elementor-section elementor-top-section" data-element_type="section">
						<div class="elementor-container elementor-column-gap-default">
				<div class="elementor-row">
				<div data-id="6ef7840" class="elementor-element elementor-element-6ef7840 elementor-column elementor-col-100 elementor-top-column" data-element_type="column">
			<div class="elementor-column-wrap  elementor-element-populated">
					<div class="elementor-widget-wrap">
				<div data-id="8802810" class="elementor-element elementor-element-8802810 elementor-widget elementor-widget-xm-bluebox" data-element_type="xm-bluebox.default">
				<div class="elementor-widget-container">
			      <div class="xm-bluebox-container">
            <div class="xm-bluebox-headline">
                  <h3>
                        Nous disposons en particulier de                   </h3>
            </div>
            <div class="xm-bluebox-text p-col-2">
                  <ul>
<li>Un système de découpe laser de 4 x2 m avec une puissance de laser de 6 kW (épaisseur inox de 25 mm)</li>
<li>Un système de stockage à rayonnages verticaux</li>
<li>Une presse à plier de 230 t ( tôles jusqu’à 4000 mm)</li>
<li>Trois cintreuse à quatre rouleaux</li>
<li>Une machine de soudage automatique pour souder des plaques de 3 m de long</li>
<li>Une installation de ponçage et de bouchonnage de l’inox</li>
<li>Plusieurs machines à border et de découpe</li>
<li>Une cisaille automatique</li>
<li>Plusieurs élévateurs et systèmes de levage</li>
</ul>
            </div>
      </div>
      		</div>
				</div>
						</div>
			</div>
		</div>
						</div>
			</div>
		</section>
						</div>
			</div>
		</div>

<p>Production Au siège de l’entreprise à Gau Odernheim, environ 45 personnes sont chargées de la planification, la construction et l’installation de cuves en inox pour différentes applications dans le domaine vinicole et industriel. De plus, nous fabriquons des pièces sur mesure ainsi que des caniveaux d’écoulement de sol en inox. Nous effectuons également de la [&#8230;]</p>
<p><a class="btn btn-secondary understrap-read-more-link" href="https://www.becker-tanks.de/fr/entreprise/production/">Lire la suite&#8230;</a></p>
